{"id":20360,"date":"2021-07-21T11:29:09","date_gmt":"2021-07-21T11:29:09","guid":{"rendered":"https:\/\/margarethbrand.com\/?page_id=20360"},"modified":"2021-07-21T11:33:20","modified_gmt":"2021-07-21T11:33:20","slug":"condiciones-de-compra","status":"publish","type":"page","link":"https:\/\/margarethbrand.com\/index.php\/condiciones-de-compra\/","title":{"rendered":"Condiciones de Compra y Devoluciones"},"content":{"rendered":"<p>[fusion_builder_container type=\u00bbflex\u00bb hundred_percent=\u00bbno\u00bb hundred_percent_height=\u00bbno\u00bb hundred_percent_height_scroll=\u00bbno\u00bb align_content=\u00bbstretch\u00bb flex_align_items=\u00bbflex-start\u00bb flex_justify_content=\u00bbflex-start\u00bb hundred_percent_height_center_content=\u00bbyes\u00bb equal_height_columns=\u00bbno\u00bb container_tag=\u00bbdiv\u00bb hide_on_mobile=\u00bbsmall-visibility,medium-visibility,large-visibility\u00bb status=\u00bbpublished\u00bb spacing_medium=\u00bb\u00bb spacing_small=\u00bb\u00bb padding_dimensions_medium=\u00bb\u00bb padding_dimensions_small=\u00bb\u00bb border_sizes=\u00bb\u00bb border_style=\u00bbsolid\u00bb box_shadow=\u00bbno\u00bb box_shadow_blur=\u00bb0&#8243; box_shadow_spread=\u00bb0&#8243; gradient_start_color=\u00bb\u00bb gradient_end_color=\u00bb\u00bb gradient_start_position=\u00bb0&#8243; gradient_end_position=\u00bb100&#8243; gradient_type=\u00bblinear\u00bb radial_direction=\u00bbcenter center\u00bb linear_angle=\u00bb180&#8243; background_position=\u00bbcenter center\u00bb background_repeat=\u00bbno-repeat\u00bb fade=\u00bbno\u00bb background_parallax=\u00bbnone\u00bb enable_mobile=\u00bbno\u00bb parallax_speed=\u00bb0.3&#8243; background_blend_mode=\u00bbnone\u00bb video_aspect_ratio=\u00bb16:9&#8243; video_loop=\u00bbyes\u00bb video_mute=\u00bbyes\u00bb render_logics=\u00bb\u00bb absolute=\u00bboff\u00bb absolute_devices=\u00bbsmall,medium,large\u00bb sticky=\u00bboff\u00bb sticky_devices=\u00bbsmall-visibility,medium-visibility,large-visibility\u00bb sticky_transition_offset=\u00bb0&#8243; scroll_offset=\u00bb0&#8243; animation_direction=\u00bbleft\u00bb animation_speed=\u00bb0.3&#8243; filter_hue=\u00bb0&#8243; filter_saturation=\u00bb100&#8243; filter_brightness=\u00bb100&#8243; filter_contrast=\u00bb100&#8243; filter_invert=\u00bb0&#8243; filter_sepia=\u00bb0&#8243; filter_opacity=\u00bb100&#8243; filter_blur=\u00bb0&#8243; filter_hue_hover=\u00bb0&#8243; filter_saturation_hover=\u00bb100&#8243; filter_brightness_hover=\u00bb100&#8243; filter_contrast_hover=\u00bb100&#8243; filter_invert_hover=\u00bb0&#8243; filter_sepia_hover=\u00bb0&#8243; filter_opacity_hover=\u00bb100&#8243; filter_blur_hover=\u00bb0&#8243;][fusion_builder_row][fusion_builder_column type=\u00bb1_1&#8243; align_self=\u00bbauto\u00bb content_layout=\u00bbcolumn\u00bb align_content=\u00bbflex-start\u00bb valign_content=\u00bbflex-start\u00bb content_wrap=\u00bbwrap\u00bb spacing=\u00bb\u00bb center_content=\u00bbno\u00bb link=\u00bb\u00bb target=\u00bb_self\u00bb min_height=\u00bb\u00bb hide_on_mobile=\u00bbsmall-visibility,medium-visibility,large-visibility\u00bb sticky_display=\u00bbnormal,sticky\u00bb class=\u00bb\u00bb id=\u00bb\u00bb type_medium=\u00bb\u00bb type_small=\u00bb\u00bb type=\u00bb1_1&#8243; order_medium=\u00bb0&#8243; order_small=\u00bb0&#8243; dimension_spacing_medium=\u00bb\u00bb dimension_spacing_small=\u00bb\u00bb dimension_spacing=\u00bb\u00bb dimension_margin_medium=\u00bb\u00bb dimension_margin_small=\u00bb\u00bb dimension_margin=\u00bb\u00bb padding_medium=\u00bb\u00bb padding_small=\u00bb\u00bb padding=\u00bb\u00bb hover_type=\u00bbnone\u00bb border_sizes=\u00bb\u00bb border_color=\u00bb\u00bb border_style=\u00bbsolid\u00bb border_radius=\u00bb\u00bb box_shadow=\u00bbno\u00bb dimension_box_shadow=\u00bb\u00bb box_shadow_blur=\u00bb0&#8243; box_shadow_spread=\u00bb0&#8243; box_shadow_color=\u00bb\u00bb box_shadow_style=\u00bb\u00bb background_type=\u00bbsingle\u00bb gradient_start_color=\u00bb\u00bb gradient_end_color=\u00bb\u00bb gradient_start_position=\u00bb0&#8243; gradient_end_position=\u00bb100&#8243; gradient_type=\u00bblinear\u00bb radial_direction=\u00bbcenter center\u00bb linear_angle=\u00bb180&#8243; background_color=\u00bb\u00bb background_image=\u00bb\u00bb background_image_id=\u00bb\u00bb background_position=\u00bbleft top\u00bb background_repeat=\u00bbno-repeat\u00bb background_blend_mode=\u00bbnone\u00bb render_logics=\u00bb\u00bb filter_type=\u00bbregular\u00bb filter_hue=\u00bb0&#8243; filter_saturation=\u00bb100&#8243; filter_brightness=\u00bb100&#8243; filter_contrast=\u00bb100&#8243; filter_invert=\u00bb0&#8243; filter_sepia=\u00bb0&#8243; filter_opacity=\u00bb100&#8243; filter_blur=\u00bb0&#8243; filter_hue_hover=\u00bb0&#8243; filter_saturation_hover=\u00bb100&#8243; filter_brightness_hover=\u00bb100&#8243; filter_contrast_hover=\u00bb100&#8243; filter_invert_hover=\u00bb0&#8243; filter_sepia_hover=\u00bb0&#8243; filter_opacity_hover=\u00bb100&#8243; filter_blur_hover=\u00bb0&#8243; animation_type=\u00bb\u00bb animation_direction=\u00bbleft\u00bb animation_speed=\u00bb0.3&#8243; animation_offset=\u00bb\u00bb last=\u00bbno\u00bb border_position=\u00bball\u00bb][fusion_title title_type=\u00bbtext\u00bb rotation_effect=\u00bbbounceIn\u00bb display_time=\u00bb1200&#8243; highlight_effect=\u00bbcircle\u00bb loop_animation=\u00bboff\u00bb highlight_width=\u00bb9&#8243; highlight_top_margin=\u00bb0&#8243; before_text=\u00bb\u00bb rotation_text=\u00bb\u00bb highlight_text=\u00bb\u00bb after_text=\u00bb\u00bb title_link=\u00bboff\u00bb link_url=\u00bb\u00bb link_target=\u00bb_self\u00bb content_align_medium=\u00bb\u00bb content_align_small=\u00bb\u00bb content_align=\u00bbleft\u00bb size=\u00bb1&#8243; font_size=\u00bb\u00bb animated_font_size=\u00bb\u00bb line_height=\u00bb\u00bb letter_spacing=\u00bb\u00bb text_shadow=\u00bbno\u00bb text_shadow_blur=\u00bb0&#8243; text_shadow_color=\u00bb\u00bb dimensions_medium=\u00bb\u00bb dimensions_small=\u00bb\u00bb text_color=\u00bb\u00bb animated_text_color=\u00bb\u00bb gradient_font=\u00bbno\u00bb gradient_start_color=\u00bb\u00bb gradient_end_color=\u00bb\u00bb gradient_start_position=\u00bb0&#8243; gradient_end_position=\u00bb100&#8243; gradient_type=\u00bblinear\u00bb radial_direction=\u00bbcenter center\u00bb linear_angle=\u00bb180&#8243; highlight_color=\u00bb\u00bb style_type=\u00bbdefault\u00bb sep_color=\u00bb\u00bb link_color=\u00bb\u00bb link_hover_color=\u00bb\u00bb animation_type=\u00bb\u00bb animation_direction=\u00bbleft\u00bb animation_speed=\u00bb0.3&#8243; animation_offset=\u00bb\u00bb hide_on_mobile=\u00bbsmall-visibility,medium-visibility,large-visibility\u00bb sticky_display=\u00bbnormal,sticky\u00bb class=\u00bb\u00bb id=\u00bb\u00bb]Condiciones de Compra[\/fusion_title][fusion_text columns=\u00bb\u00bb column_min_width=\u00bb\u00bb column_spacing=\u00bb\u00bb rule_style=\u00bbdefault\u00bb rule_size=\u00bb\u00bb rule_color=\u00bb\u00bb font_size=\u00bb\u00bb line_height=\u00bb\u00bb letter_spacing=\u00bb\u00bb text_color=\u00bb\u00bb content_alignment_medium=\u00bb\u00bb content_alignment_small=\u00bb\u00bb content_alignment=\u00bb\u00bb animation_type=\u00bb\u00bb animation_direction=\u00bbleft\u00bb animation_speed=\u00bb0.3&#8243; animation_offset=\u00bb\u00bb hide_on_mobile=\u00bbsmall-visibility,medium-visibility,large-visibility\u00bb sticky_display=\u00bbnormal,sticky\u00bb class=\u00bb\u00bb id=\u00bb\u00bb]<\/p>\n<p><b>Formas de pago:<\/b><\/p>\n<p>Las formas de pago disponible son PayPal o con tarjeta de cr\u00e9dito.\u2028\u2028Transporte:<\/p>\n<p><span style=\"color: var(--body_typography-color); font-family: var(--body_typography-font-family); font-size: var(--body_typography-font-size); font-style: var(--body_typography-font-style,normal); font-weight: var(--body_typography-font-weight); letter-spacing: var(--body_typography-letter-spacing);\">El env\u00edo de su pedido se realizar\u00e1 a trav\u00e9s de la empresa de transportes NACEX o TIPSA<\/span><\/p>\n<p><\/p>\n<p><b>Gastos de env\u00edo:<\/b><\/p>\n<p>El tiempo estimado de entrega de los pedidos es de 2-3 d\u00edas laborables desde su confirmaci\u00f3n. El plazo de env\u00edo para los pedidos realizados los viernes a partir de las 13h, o cualquier d\u00eda previo a festivo, comenzar\u00e1 a contar el lunes siguiente, o el d\u00eda posterior al festivo.<\/p>\n<p>Los plazos de entrega comienzan a partir de las 24 horas laborales siguientes a la fecha de compra, estos plazos son orientativos.<\/p>\n<p>Durante los periodos de rebajas, promociones o campa\u00f1as especiales el plazo de entrega puede variar.<\/p>\n<p>Los env\u00edos a domicilio en la Pen\u00ednsula  tienen un coste de 5 euros. Para pedidos superiores a 69 euros, los gastos de env\u00edo son GRATU\u00cdTOS.<\/p>\n<p>* La devoluci\u00f3n de las prendas no conlleva el reembolso de los gastos de env\u00edo.<\/p>\n<p>Para env\u00edos a domicilio en Baleares, Canarias, Ceuta y Melilla, solicitar informaci\u00f3n en margarethbrandinfo@gmail.com <\/p>\n<p><\/p>\n<p><b>Ayuda:<\/b><\/p>\n<p>Para cualquier consulta sobre su pedido puede escribirnos a:  margarethbrandinfo@gmail.com<\/p>\n<p><\/p>\n<p><b>Disponibilidad:<\/b><\/p>\n<p>Todos los pedidos est\u00e1n sujetos a la disponibilidad de los art\u00edculos. En el caso de no poder enviarle el producto por cualquier circunstancia, nos reservamos el derecho de avisarle mediante correo electr\u00f3nico, ofreci\u00e9ndole art\u00edculos similares. Si no deseara realizar el pedido por dichos art\u00edculos sustitutivos, le reembolsaremos el importe abonado.<\/p>\n<p>Una vez recibida tu compra dispones de un plazo de 15 d\u00edas naturales para realizar un cambio o devoluci\u00f3n.<\/p>\n<p>Por motivos de higiene y garantizar el estreno del art\u00edculo, no aceptamos cambios ni devoluciones en bisuter\u00edas y en art\u00edculos seleccionados como tal. <\/p>\n<p>En caso de querer proceder a un cambio o devoluci\u00f3n, deber\u00e1s enviarnos un correo electr\u00f3nico a la siguiente direcci\u00f3n margarethbrandinfo@gmail.com indic\u00e1ndonos el n\u00famero de pedido, los art\u00edculos que deseas devolver y el motivo de la devoluci\u00f3n.<\/p>\n<p>Tambi\u00e9n nos puede hacer la devoluci\u00f3n telef\u00f3nicamente, llamando al 856079064 en la franja horaria de lunes a viernes de 10:00h a 13:00h y de 18:00h a 20:00h.<\/p>\n<p>Los gastos de env\u00edo de los cambios y devoluciones corren por cuenta del cliente.<\/p>\n<p><\/p>\n<p><b>La direcci\u00f3n de env\u00edo de los cambios y devoluciones para que nos env\u00ede los art\u00edculos es:<\/b><\/p>\n<p>Avd. Cayetano del Toro, 18, <\/p>\n<p>11010, C\u00e1diz.<\/p>\n<p>Una vez recibido los art\u00edculos a devolver en perfectas condiciones y, con su correcpondiente etiquetado y envoltorio original, se proceder\u00e1 al reembolso. El reembolso se realizar\u00e1 en el mismo m\u00e9todo de pago utilizado en la compra.<\/p>\n<p>Los gastos de env\u00edo, si los pagaste, no se reembolsar\u00e1n, salvo en caso de fallo por nuestra parte o por fallo de fabricaci\u00f3n.<\/p>\n<p>[\/fusion_text][\/fusion_builder_column][\/fusion_builder_row][\/fusion_builder_container]<\/p>\n","protected":false},"excerpt":{"rendered":"<p>[fusion_builder_container type=\u00bbflex\u00bb hundred_percent=\u00bbno\u00bb hundred_percent_height=\u00bbno\u00bb hundred_percent_height_scroll=\u00bbno\u00bb align_content=\u00bbstretch\u00bb flex_align_items=\u00bbflex-start\u00bb flex_justify_content=\u00bbflex-start\u00bb hundred_percent_height_center_content=\u00bbyes\u00bb equal_height_columns=\u00bbno\u00bb container_tag=\u00bbdiv\u00bb hide_on_mobile=\u00bbsmall-visibility,medium-visibility,large-visibility\u00bb status=\u00bbpublished\u00bb spacing_medium=\u00bb\u00bb spacing_small=\u00bb\u00bb padding_dimensions_medium=\u00bb\u00bb padding_dimensions_small=\u00bb\u00bb border_sizes=\u00bb\u00bb border_style=\u00bbsolid\u00bb box_shadow=\u00bbno\u00bb<\/p>\n","protected":false},"author":1,"featured_media":0,"parent":0,"menu_order":0,"comment_status":"closed","ping_status":"closed","template":"","meta":{"om_disable_all_campaigns":false,"_monsterinsights_skip_tracking":false,"_monsterinsights_sitenote_active":false,"_monsterinsights_sitenote_note":"","_monsterinsights_sitenote_category":0,"footnotes":""},"_links":{"self":[{"href":"https:\/\/margarethbrand.com\/index.php\/wp-json\/wp\/v2\/pages\/20360"}],"collection":[{"href":"https:\/\/margarethbrand.com\/index.php\/wp-json\/wp\/v2\/pages"}],"about":[{"href":"https:\/\/margarethbrand.com\/index.php\/wp-json\/wp\/v2\/types\/page"}],"author":[{"embeddable":true,"href":"https:\/\/margarethbrand.com\/index.php\/wp-json\/wp\/v2\/users\/1"}],"replies":[{"embeddable":true,"href":"https:\/\/margarethbrand.com\/index.php\/wp-json\/wp\/v2\/comments?post=20360"}],"version-history":[{"count":4,"href":"https:\/\/margarethbrand.com\/index.php\/wp-json\/wp\/v2\/pages\/20360\/revisions"}],"predecessor-version":[{"id":20364,"href":"https:\/\/margarethbrand.com\/index.php\/wp-json\/wp\/v2\/pages\/20360\/revisions\/20364"}],"wp:attachment":[{"href":"https:\/\/margarethbrand.com\/index.php\/wp-json\/wp\/v2\/media?parent=20360"}],"curies":[{"name":"wp","href":"https:\/\/api.w.org\/{rel}","templated":true}]}}